ose 5*i - 5*u - 140 = 0, -4*i - 2*u = 30 - 118. Let p be (-62)/(-4) - 2/(-4). Suppose p + i = 4*w. List the prime factors of w.
2, 5
Suppose -5*i + 544 = -1611. What are the prime factors of i?
431
Suppose 1 = -i + 3. Suppose y + 73 = 4*n - 43, -i*y - n - 196 = 0. Let l = y + 155. What are the prime factors of l?
5, 11
Suppose 24 - 12 = -2*n. Let x = 125 + n. List the prime factors of x.
7, 17
Let q(a) = a**2 - 2*a - 25. Let o be q(17). Suppose 2*m - o = -5*n, 2*m - 246 = n - 2*n. What are the prime factors of m?
5
Let z(q) = 15*q**2 - q + 15*q**2 + 20 - 28*q**2. What are the prime factors of z(-7)?
5
Suppose i = -q + 2909, 12*i - 10*i + 2915 = q. What are the prime factors of q?
41, 71
Let r = 266 + 469. Suppose 2*c = 5*c - r. List the prime factors of c.
5, 7
Suppose 0 = 5*p + 67 + 43. Let f = p + 139. What are the prime factors of f?
3, 13
What are the prime factors of ((-27459)/18)/((-8)/16)?
3, 113
Let i(r) = 2*r**2 + r + 4. Let p(q) = -4*q**2 - q - 7. Let h(v) = -7*i(v) - 4*p(v). List the prime factors of h(3).
3
Suppose 0 = 5*n - 0*n. Suppose n*k = 3*k. Suppose 61 = -k*a + a. List the prime factors of a.
61
Suppose -2*q = 2*q - 5*v + 133, -2*v + 10 = 0. Let c = -18 - q. List the prime factors of c.
3
Let o = 206 + 409. Let n = -423 + o. What are the prime factors of n?
2, 3
What are the prime factors of 383 + (36/(-42))/(6/(-42))?
389
Let b(n) = n**2 - 11*n - 23. Let y be b(13). Suppose 5*q - 66 = -0*q - 4*w, -26 = -y*q + w. List the prime factors of q.
2, 5
Let b(d) = d**3 - 8*d**2 + 11*d - 2. Let c be b(8). Suppose h + 84 - c = 0. List the prime factors of h.
2
Let y(n) = 1040*n + 8. What are the prime factors of y(1)?
2, 131
Let v be (2 - 10/2) + 0. Let a = 0 - v. Suppose -a*y = 3*o - 7*y - 50, -y = 5*o - 45. List the prime factors of o.
2, 5
Let c(h) = -3*h**2 - 11*h + 6. Let b be c(-10). Let z be b/(-44) + (-8)/44. Suppose 66 = z*q - 6. What are the prime factors of q?
2, 3
Let c be (-2200)/(-15) + 2/6. Suppose 5*s = s - 5*q + c, -s + q = -30. Let f = s - 10. What are the prime factors of f?
23
Suppose -2*d + 1423 = g, -4*d = 3*g - 3376 - 901. List the prime factors of g.
3, 53
Let w(l) = -l**3 - 9*l**2 + 7*l - 14. Let a be w(-12). Let p = a - 209. List the prime factors of p.
5
Let l(p) = -5*p**3 - 2*p**2 + p - 1. Let d be l(2). Let w = 33 + d. Let i = w - -58. List the prime factors of i.
2, 11
Suppose 3*m + 2*y = m - 196, 3 = y. Let u = -70 - m. List the prime factors of u.
31
Suppose -5*j + 2593 = 3*w, -w + 416 = 2*j - 448. What are the prime factors of w?
2, 433
Let h be 92/8 + (-1)/(-2). Suppose -3*b + h - 27 = 0. What are the prime factors of -1 + 3 + b + 20?
17
Let k(z) = -z**3 + 10*z**2 + 8*z + 5. Let s be k(6). List the prime factors of 1*s - (-2)/(-1).
3, 5, 13
Let v = 42 + -35. Suppose 264 = v*i + 12. What are the prime factors of i?
2, 3
Let c = -61 + 175. Let z = c - 0. What are the prime factors of z?
2, 3, 19
Let c(g) = -14*g + 7. Let u(q) = -2*q + 27. Let d be u(14). List the prime factors of c(d).
3, 7
Suppose 0 = x + 65 + 11. Let n = x + 115. List the prime factors of n.
3, 13
Suppose -5*a - 1 = -4*b, 2*a + 0*b + 10 = 4*b. Suppose r - 136 = -2*d - a*r, -4*d = 2*r - 272. List the prime factors of d.
2, 17
Suppose -v + 7*v = 60. Suppose -i = 3*k - 4*i + 123, -v = -5*i. Let b = 75 + k. What are the prime factors of b?
2, 3
Suppose 58 = -12*u + 10. What are the prime factors of (2/u)/(1/(-634))?
317
Let h(c) = 6*c**2 + 179 + c - 178 - 7*c. List the prime factors of h(4).
73
Let w(h) = h**3 + 6*h + 3. Let y be w(6). Let d = y + -147. What are the prime factors of d?
2, 3
Let c(y) = 200*y + 146. What are the prime factors of c(9)?
2, 7, 139
Let h = -39 - -28. Let j = h + 15. What are the prime factors of 1/((-3)/(-36)*j)?
3
Let l(c) be the second derivative of c**4/12 + c**3/3 - c**2 - 2*c. List the prime factors of l(-5).
13
Let k = -11 - -13. Suppose -k*q = 19 - 71. Suppose 0 = r + r - q. What are the prime factors of r?
13
Suppose 3*p + 6*t - 4*t = 14, -3*t = -p - 10. Suppose -43 = -3*q + p*q. List the prime factors of q.
43
Suppose -18689 = -4*t + j, -151*j + 150*j - 4670 = -t. List the prime factors of t.
4673
Suppose 0*v + 180 = 5*v. Suppose 2*y + 5*p - 19 = 35, -2*y + 4*p + v = 0. What are the prime factors of y?
2, 11
Let z(w) = w**3 + 10*w**2 + 9*w + 9. Let i be z(-9). Let d = -3 + i. List the prime factors of d.
2, 3
Suppose 0 = 266*c - 263*c - 18894. List the prime factors of c.
2, 47, 67
Suppose 161 = 8*h - 23. Suppose 0 = -6*c + 787 + h. What are the prime factors of c?
3, 5
Suppose -59 - 43 = -3*r. Suppose r*z + 35 = 39*z. List the prime factors of z.
7
Suppose 27*h = -14*h + 15293. List the prime factors of h.
373
Suppose 688*x - 685*x - 6624 = 0. List the prime factors of x.
2, 3, 23
Suppose x = -5*v + 2, 5*x = 4*v + 2 + 8. Suppose -5*k + 710 = 5*j, -4*j - 5*k - 121 + 684 = v. What are the prime factors of j?
3, 7
Let t(i) = 4*i + 42. Let q be t(-12). Let x(p) = -49*p + 9. What are the prime factors of x(q)?
3, 101
Let x(z) = 6*z**3 - z**2 - z + 1. Let i be (-10)/(-8) + 4/(-16). Let w be x(i). Suppose w*l = l - 8, -3*l = 2*f - 22. List the prime factors of f.
2, 7
Let d(z) = 3 + 9 - z**3 + 5*z**2 - 6*z + 0*z**2 + 5*z**2. What are the prime factors of d(8)?
2, 23
Suppose 0 = -2*w - 136 + 524. List the prime factors of w.
2, 97
Let o(r) = -2*r**3 + 12*r**2 + 4*r + 26. Let z(k) = 3*k**3 - 24*k**2 - 7*k - 53. Let q(f) = -5*o(f) - 3*z(f). What are the prime factors of q(-12)?
17
Suppose -3*q = -73*h + 77*h - 21922, 3*q - 6 = 0. List the prime factors of h.
5479
Let a(d) = -2*d - 12. Let l be a(-8). Suppose -4*q + 2 = -2*z - 6, -4*z = -3*q - l. List the prime factors of z.
2
Suppose -2*w + 1328 = -3*x + 45, -2*x = 2*w - 1258. What are the prime factors of 10/(-25) + w*2/20?
3, 7
Suppose -2*s = -2*d + 1120, -7*d + 3*d - 5*s + 2204 = 0. What are the prime factors of d?
2, 139
Let q(b) = 16*b + b - 9*b + b - 16. List the prime factors of q(7).
47
Suppose 0 = -5*u + r + 847, 7*u - 4*u + 2*r - 516 = 0. What are the prime factors of u + (3 - 2 - 2) + 1?
2, 5, 17
Let b be (0 + -1)/(2/30). List the prime factors of 15*(-1 + (-63)/b).
2, 3
Let w(b) = 33*b**2 - 6*b + 29. Let u be w(9). What are the prime factors of -1*4/10 + u/20?
2, 3, 11
Suppose 0 = 2*u + 2*w - 10 - 4, -2*u = -5*w - 28. What are the prime factors of -132*(1 - u/6)?
2, 3, 11
Suppose 3*s = -9*s + 864. Let a = 58 + s. What are the prime factors of a?
2, 5, 13
Suppose 45*p = 48*p - 1533. List the prime factors of p.
7, 73
Let m be ((-235)/(-3) + -3)*6. Suppose 4*g - 484 = -4*y, 4*g + y - m = 5*y. List the prime factors of g.
3, 13
Let p(k) = 8*k + 3. Let f be p(-3). Suppose -34 + 174 = -10*l. Let q = l - f. What are the prime factors of q?
7
Suppose 5*y + 3*i - 8 = -2, 3*y - 4*i + 8 = 0. Let u(p) = 3*p**3 + 0*p**2 - 2*p**3 + 14 - p**2. List the prime factors of u(y).
2, 7
Let o(t) = -t**3 - 4*t**2 + t + 2896. List the prime factors of o(0).
2, 181
Suppose 0 = 2*s + 2*s - 40. Let n = s + -6. Suppose 4*w + n*t = 52, -6*t - 22 = -2*w - 4*t. What are the prime factors of w?
2, 3
Let u(o) = 5*o**2 + 13*o + 27. List the prime factors of u(-7).
181
Let r(y) = 3*y**2 + 1. Let b be r(-1). Suppose 3*w + 836 = 4*g, -205 = b*g - 2*w - 1037. List the prime factors of g.
2, 103
Let f(m) = -33*m**3 + 6*m**2 + 5*m - 16. List the prime factors of f(-3).
2, 457
Suppose -d = -a - 9 - 7, 3*a - 4 = -d. Suppose -i + 79 = m, d = i + 5*m - 82. What are the prime factors of i?
3, 5
Let l(r) = r**2 - 5*r + 9. Let h be l(3). Suppose -4*g + 88 = -4*u, h = 2*g + u - 47. List the prime factors of g.
2, 3
Let z = -46 - -15. Let p = -5 - z. What are the prime factors of p?
2, 13
Let o(f) = 451*f - 347. List the prime factors of o(9).
2, 29
Let c(i) = -i + 3*i**2 - 3 - i**2 + 0*i + 0. What are the prime factors of c(4)?
5
Let o(d) = -d**3 + 7*d**2 + d + 18. Let x be o(6). Let q = -9 + x. List the prime factors of q.
3, 17
Let p = -38 - 19. Let r = p - -112. Suppose 2*w - 61 = -d + w, 3*w - r = -d. What are the prime factors of d?
2
Suppose 0 = -7*m + 4 + 17. Let v = m - -78. List the prime factors of v.
3
Let h(a) = a**3 - 9*a**2 + 38*a + 17. List the prime factors of h(14).
11, 139
List the prime factors of (-5)/((-55)/2) - (-24539)/11.
23, 97
Suppose -60 + 4 = 4*z - q, 3*z - q + 